divided by 380.
19
Calculate the remainder when 4604 is divided by 2247.
110
Calculate the remainder when 2638140 is divided by 11.
10
What is the remainder when 20698 is divided by 138?
136
What is the remainder when 4018 is divided by 444?
22
What is the remainder when 8006 is divided by 22?
20
Calculate the remainder when 365624 is divided by 45.
44
Calculate the remainder when 222887 is divided by 585.
2
Calculate the remainder when 2118 is divided by 220.
138
What is the remainder when 24877 is divided by 40?
37
Calculate the remainder when 14008 is divided by 1077.
7
Calculate the remainder when 5201438 is divided by 58.
56
What is the remainder when 34124 is divided by 1421?
20
Calculate the remainder when 221 is divided by 90.
41
What is the remainder when 30483 is divided by 231?
222
What is the remainder when 52322 is divided by 513?
509
What is the remainder when 55725 is divided by 1359?
6
Calculate the remainder when 20581 is divided by 1469.
15
What is the remainder when 4638 is divided by 359?
330
What is the remainder when 22953 is divided by 22843?
110
Calculate the remainder when 513750 is divided by 603.
597
Calculate the remainder when 1261 is divided by 579.
103
What is the remainder when 888 is divided by 227?
207
Calculate the remainder when 6486 is divided by 147.
18
Calculate the remainder when 20247 is divided by 547.
8
Calculate the remainder when 224 is divided by 200.
24
Calculate the remainder when 242990 is divided by 16.
14
What is the remainder when 14363 is divided by 4782?
17
Calculate the remainder when 51798 is divided by 28.
26
What is the remainder when 21875 is divided by 99?
95
What is the remainder when 435 is divided by 334?
101
What is the remainder when 74576 is divided by 61?
34
What is the remainder when 1185660 is divided by 9?
0
Calculate the remainder when 65287 is divided by 74.
19
Calculate the remainder when 9599 is divided by 994.
653
What is the remainder when 9128 is divided by 173?
132
Calculate the remainder when 87419 is divided by 87417.
2
What is the remainder when 22396 is divided by 307?
292
Calculate the remainder when 87219 is divided by 31.
16
What is the remainder when 661 is divided by 338?
323
What is the remainder when 28727 is divided by 15?
2
What is the remainder when 63918 is divided by 13?
10
Calculate the remainder when 27 is divided by 5.
2
What is the remainder when 6341606 is divided by 13?
11
What is the remainder when 111799 is divided by 52?
51
What is the remainder when 131376 is divided by 168?
0
Calculate the remainder when 3418 is divided by 1130.
28
What is the remainder when 38277 is divided by 529?
189
What is the remainder when 16218 is divided by 3241?
13
What is the remainder when 290151 is divided by 80?
71
What is the remainder when 9558 is divided by 40?
38
Calculate the remainder when 5965 is divided by 43.
31
What is the remainder when 93271 is divided by 6218?
1
Calculate the remainder when 4327 is divided by 4232.
95
What is the remainder when 332733 is divided by 43?
42
Calculate the remainder when 516895 is divided by 32.
31
Calculate the remainder when 15446 is divided by 964.
22
Calculate the remainder when 38326 is divided by 399.
22
What is the remainder when 26039 is divided by 314?
291
What is the remainder when 3991 is divided by 179?
53
What is the remainder when 113225 is divided by 2177?
21
What is the remainder when 2117 is divided by 133?
122
Calculate the remainder when 120895 is divided by 93.
88
Calculate the remainder when 331404 is divided by 154.
150
Calculate the remainder when 3127 is divided by 112.
103
Calculate the remainder when 593 is divided by 269.
55
Calculate the remainder when 117253 is divided by 627.
4
What is the remainder when 65877 is divided by 5?
2
What is the remainder when 25744 is divided by 12865?
14
What is the remainder when 9741 is divided by 2?
1
What is the remainder when 6184 is divided by 618?
4
What is the remainder when 2553 is divided by 1273?
7
Calculate the remainder when 4366 is divided by 145.
16
What is the remainder when 3344 is divided by 556?
8
What is the remainder when 423432 is divided by 221?
217
What is the remainder when 7108 is divided by 4?
0
Calculate the remainder when 869 is divided by 108.
5
Calculate the remainder when 6082 is divided by 1149.
337
Calculate the remainder when 74413 is divided by 74402.
11
Calculate the remainder when 96130 is divided by 96099.
31
Calculate the remainder when 22842 is divided by 168.
162
What is the remainder when 96879 is divided by 692?
691
Calculate the remainder when 36551 is divided by 937.
8
Calculate the remainder when 2516 is divided by 233.
186
What is the remainder when 9027 is divided by 35?
32
What is the remainder when 1318021 is divided by 42?
19
Calculate the remainder when 39686 is divided by 21.
17
Calculate the remainder when 17584 is divided by 62.
38
Calculate the remainder when 535 is divided by 334.
201
What is the remainder when 282300 is divided by 282291?
9
What is the remainder when 2859 is divided by 923?
90
Calculate the remainder when 1869 is divided by 84.
21
What is the remainder when 4122 is divided by 75?
72
Calculate the remainder when 4796 is divided by 66.
44
What is the remainder when 90379 is divided by 10?
9
Calculate the remainder when 1511631 is divided by 79559.
10
What is the remainder when 118673 is divided by 344?
337
What is the remainder when 7402 is divided by 122?
82
Calculate the remainder when 314 is divided by 281.
33
What is the remainder when 29915 is divided by 88?
83
Calculate the remainder when 22206 is divided by 673.
670
What is the remainder when 1654132 is divided by 51?
49
What is the remainder when 2064 is divided by 658?
90
What is the remainder when 2738 is divided by 1177?
384
Calculate the remainder when 5267 is divided by 743.
66
Calculate the remainder when 7009 is divided by 3502.
5
What is the remainder when 8180 is divided by 256?
244
Calculate the remainder when 6575 is divided by 3268.
39
What is the remainder when 2074 is divided by 346?
344
Calculate the remainder when 29192 is divided by 178.
0
Calculate the remainder when 912 is divided by 16.
0
Calculate the remainder when 19502 is divided by 83.
80
What is the remainder when 1338 is divided by 198?
150
Calculate the remainder when 23205 is divided by 8.
5
What is the remainder when 5242 is divided by 12?
10
What is the remainder when 29940 is divided by 104?
92
Calculate the remainder when 20159 is divided by 36.
35
What is the remainder when 3722 is divided by 894?
146
Calculate the remainder when 35778 is divided by 44.
6
Calculate the remainder when 566378 is divided by 1609.
10
Calculate the remainder when 2182 is divided by 100.
82
What is the remainder when 622257 is divided by 18?
15
Calculate the remainder when 45627 is divided by 671.
670
Calculate the remainder when 69956 is divided by 514.
52
What is the remainder when 721798 is divided by 20?
18
What is the remainder when 2046 is divided by 32?
30
Calculate the remainder when 2969 is divided by 984.
17
Calculate the remainder when 15501 is divided by 1537.
131
Calculate the remainder when 191442 is divided by 3358.
36
What is the remainder when 10342 is divided by 93?
19
Calculate the remainder when 6712 is divided by 213.
109
Calculate the remainder when 3241 is divided by 66.
7
Calculate the remainder when 6992 is divided by 997.
13
What is the remainder when 1465 is divided by 728?
9
What is the remainder when 20509 is divided by 52?
21
What is the remainder when 240571 is divided by 34365?
16
Calculate the remainder when 3048 is divided by 189.
24
What is the remainder when 1917 is divided by 274?
273
Calculate the remainder when 23459 is divided by 7816.
11
Calculate the remainder when 159747 is divided by 368.
35
Calculate the remainder when 46907 is divided by 15632.
11
Calculate the remainder when 139389 is divided by 46461.
6
What is the remainder when 60782 is divided by 10114?
98
What is the remainder when 2743 is divided by 1324?
95
Calculate the remainder when 157846 is divided by 165.
106
Calculate the remainder when 15194 is divided by 7531.
132
What is the remainder when 98257 is divided by 32752?
1
What is the remainder when 1785